{"id":2,"date":"2014-09-05T04:41:07","date_gmt":"2014-09-05T04:41:07","guid":{"rendered":"http:\/\/localhost\/wordpress-4.0\/wordpress\/?page_id=2"},"modified":"2014-09-30T14:26:18","modified_gmt":"2014-09-30T14:26:18","slug":"sample-page","status":"publish","type":"page","link":"https:\/\/suk-veranstaltungen.at\/?page_id=2","title":{"rendered":"AGB"},"content":{"rendered":"<ul>\n<li>Der Vertrag zwischen Veranstalter &#8211; in Folge Suk genannt &#8211; und Konzertbesucher wird mit Aush\u00e4ndigung der Eintrittskarte an den Konzertbesucher abgeschlossen. Mit der Erkl\u00e4rung, eine Eintrittskarte erwerben zu wollen, unterwirft sich der Konzertbesucher diesen Allgemeinen Gesch\u00e4ftsbedingungen (,,AGB\u2018\u2018). Dies gilt auch f\u00fcr den Fall, dass der Besucher die Eintrittskarte telefonisch, per Internet oder \u00fcber andere Kommunikationstechniken vorbestellt.<\/li>\n<li>Mit der \u00dcbertragung der Eintrittskarte auf einen Dritten, wird das Vertragsverh\u00e4ltnis unter Anwendung dieser AGB auf den Erwerber \u00fcbertragen. Der Ver\u00e4u\u00dferer der Karte ist verpflichtet, den Erwerber auf die Geltung dieser AGB hinzuweisen.<\/li>\n<li>F\u00fcr Personen, die sich in den Veranstaltungsr\u00e4umlichkeiten aufhalten, ohne, dass diese AGB als Weg eines Vertragsabschlusses wirksam werden, gelten diese AGB als Hausordnung.<\/li>\n<li>F\u00fcr den Erwerb der Eintrittskarte gelten die f\u00fcr den jeweiligen Event ausgewiesenen Preise. Die Preise enthalten alle gesetzlich vorgeschriebenen Abgaben in vorgeschriebener H\u00f6he.<\/li>\n<li>Der Besucher ist verpflichtet, sofort nach Erhalt oder \u00dcbernahme der Eintrittskarte zu pr\u00fcfen, ob er die Karte f\u00fcr den gew\u00fcnschten Event erhalten hat. Nachtr\u00e4gliche Reklamationen werden nicht ber\u00fccksichtigt.<\/li>\n<li>SuK beh\u00e4lt sich das Recht vor, Besucher, die andere Besucher oder Mitarbeiter bel\u00e4stigen und\/oder sich den Anordnungen des Sicherheitspersonals wiedersetzen, ohne R\u00fcckerstattung des Eintrittspreises, vom Veranstaltungsgel\u00e4nde zu verweisen (Raufhandel, Trunkenheit, Drogen, Verschmutzung, St\u00f6rung des \u00f6ffentlichen Anstandes, Jugendschutz).<\/li>\n<li>Bei Vorbestellungen m\u00fcssen die Eintrittskarten sp\u00e4testens 30 Minuten vor Konzertbeginn abgeholt und bezahlt werden. Nicht fristgerecht abgeholte Eintrittskarten kann SuK ohne R\u00fccksichtnahme auf die Vorbestellung weiter verkaufen.<\/li>\n<li>Eine R\u00fccknahme oder Umtausch bezahlter Eintrittskarten ist nicht m\u00f6glich.<\/li>\n<li>Ein Ersatz f\u00fcr nicht, oder nur teilweise in Anspruch genommene Eintrittskarten (zB durch zu sp\u00e4t kommen), oder f\u00fcr wie immer abhanden gekommene Eintrittskarten (Postversand einschreiben unsererseits) wird nicht geleistet. SuK \u00fcbernimmt keine Haftung f\u00fcr eventuell auf dem Postweg verloren gegangene Karten.<\/li>\n<li>Im Falle einer Konzertabsage kann seitens SuK nur der aufgedruckte Preis r\u00fcckerstattet werden, Versandkosten werden in keinem Fall r\u00fcckerstattet. Sollte ein neuer Termin feststehen, bleibt die Karte f\u00fcr den neuen Termin g\u00fcltig und der Preis wird nicht r\u00fcckerstattet. Sollte kein Ausweichtermin feststehen, kann bis zu einem Monat nach dem geplanten Veranstaltungsdatum die Originalkarte(n) durch Senden per Einschreiben an Wolfgang Spah, Setzweg 67, 7063 Oggau unter Angabe von Namen und Kontonummer, Bankinstitut und Bankleitzahl, der Kartenpreis refundiert werden. Info \u00fcber Absagen sehen sie auf unserer Homepage unter Veranstaltungen.<\/li>\n<li>Die Veranstaltung darf nur mit g\u00fcltiger Eintrittskarte betreten werden. SuK beh\u00e4lt sich das Recht vor, die Zutrittsberechtigung zu pr\u00fcfen und bei fehlender Zutrittsberechtigung, den Zutritt zu verweigern bzw. den Besucher des Konzertes zu verweisen. Der Besucher hat daher die Eintrittskarte bis zum Ende des Konzertes aufzubehalten.<\/li>\n<li>Die Mitnahme von Waffen, Video-, DVD- und \u00e4hnlichen Bild- oder Ton-Aufnahmeger\u00e4ten in das Veranstaltungsgel\u00e4nde ist nicht gestattet. Besucher sind verpflichtet, derartige Gegenst\u00e4nde vor Betreten der Veranstaltung an der Kassa abzugeben und nach Verlassen bei der Kassa abzuholen. Ger\u00e4te, die binnen drei Tagen nicht abgeholt werden, werden dem Fundamt \u00fcbergeben. Die Mitnahme mitgebrachter Speisen und\/oder Getr\u00e4nke in das Veranstaltungsgel\u00e4nde ist jedenfalls unzul\u00e4ssig.<\/li>\n<li>Das Sicherheitspersonal ist berechtigt, Taschen und Kleidung von Besuchern vor dem Eintritt und beim Verlassen der Veranstaltung zu durchsuchen. Verweigert oder verhindert der Konzertbesucher die Durchsuchung, wird der Zutritt ohne R\u00fcckzahlung des Eintrittspreises verwehrt. Stellt sich nach Eintritt des Besuchers heraus, dass er einen der verbotenen Gegenst\u00e4nde mitgenommen hat, wird der Besucher ohne R\u00fcckzahlung des Eintrittspreises des Konzertes verwiesen.<\/li>\n<li>Alkoholische Getr\u00e4nke werden an Jugendliche unter 16 Jahren nicht ausgegeben (laut Burgenl\u00e4ndischem Jugendschutzgesetz).<\/li>\n<\/ul>\n","protected":false},"excerpt":{"rendered":"<p>Der Vertrag zwischen Veranstalter &#8211; in Folge Suk genannt &#8211; und Konzertbesucher wird mit Aush\u00e4ndigung der Eintrittskarte an den Konzertbesucher abgeschlossen. Mit der Erkl\u00e4rung, eine Eintrittskarte erwerben zu wollen, unterwirft sich der Konzertbesucher diesen Allgemeinen Gesch\u00e4ftsbedingungen (,,AGB\u2018\u2018). Dies gilt auch f\u00fcr den Fall, dass der Besucher die Eintrittskarte telefonisch, per\u2026<\/p>\n<p class=\"continue-reading-button\"> <a class=\"continue-reading-link\" href=\"https:\/\/suk-veranstaltungen.at\/?page_id=2\">weiterlesen&#8230;<i class=\"crycon-right-dir\"><\/i><\/a><\/p>\n","protected":false},"author":1,"featured_media":0,"parent":0,"menu_order":0,"comment_status":"open","ping_status":"open","template":"","meta":{"ngg_post_thumbnail":0,"footnotes":""},"class_list":["post-2","page","type-page","status-publish","hentry"],"_links":{"self":[{"href":"https:\/\/suk-veranstaltungen.at\/index.php?rest_route=\/wp\/v2\/pages\/2","targetHints":{"allow":["GET"]}}],"collection":[{"href":"https:\/\/suk-veranstaltungen.at\/index.php?rest_route=\/wp\/v2\/pages"}],"about":[{"href":"https:\/\/suk-veranstaltungen.at\/index.php?rest_route=\/wp\/v2\/types\/page"}],"author":[{"embeddable":true,"href":"https:\/\/suk-veranstaltungen.at\/index.php?rest_route=\/wp\/v2\/users\/1"}],"replies":[{"embeddable":true,"href":"https:\/\/suk-veranstaltungen.at\/index.php?rest_route=%2Fwp%2Fv2%2Fcomments&post=2"}],"version-history":[{"count":2,"href":"https:\/\/suk-veranstaltungen.at\/index.php?rest_route=\/wp\/v2\/pages\/2\/revisions"}],"predecessor-version":[{"id":10,"href":"https:\/\/suk-veranstaltungen.at\/index.php?rest_route=\/wp\/v2\/pages\/2\/revisions\/10"}],"wp:attachment":[{"href":"https:\/\/suk-veranstaltungen.at\/index.php?rest_route=%2Fwp%2Fv2%2Fmedia&parent=2"}],"curies":[{"name":"wp","href":"https:\/\/api.w.org\/{rel}","templated":true}]}}